e prime factors of l.
7, 11
Suppose -3*u = -5*o - 24748, -56*u = -54*u + 3*o - 16524. What are the prime factors of u?
2, 3, 43
List the prime factors of 19 - 6 - (-12984 - 4).
13001
Let i(o) = -o**3 + 69*o**2 - 461*o + 38. What are the prime factors of i(41)?
5, 5641
Suppose -15*w = -26*w + 55. Suppose -w*y - m = -5520, 3*y = -2*m + 1183 + 2129. List the prime factors of y.
2, 3, 23
Suppose 90580 = 43*s - 92772. List the prime factors of s.
2, 13, 41
Let n(k) = -3*k - 96. Let g be n(-34). Suppose -437 = -g*h + 889. What are the prime factors of h?
13, 17
Let j(i) = -15*i - 36. Suppose -43 = u - 3*z, 0 = -4*u + 9*z - 11*z - 242. What are the prime factors of j(u)?
2, 3, 139
Suppose -30*k - 14147 = -a - 33*k, -5*a + 70846 = -22*k. List the prime factors of a.
2, 3539
Let o(x) = -x**3 + 11*x**2 - 5*x - 12. Let u be o(10). Suppose -u*c + 38444 = -10*c. What are the prime factors of c?
1373
Let o(g) = 1404*g + 1463. What are the prime factors of o(15)?
101, 223
Suppose -8036040 = 413*w - 533*w. What are the prime factors of w?
167, 401
Let s(l) = 88*l**2 + 54*l - 453. What are the prime factors of s(11)?
10789
Suppose 4*s - 37 = z, -3*s - 5 = -4*s. Let q(r) = -17*r + 93. What are the prime factors of q(z)?
2, 191
Let f be (-81)/15 + 5 + (-4)/(-10). Suppose f = -i - i + 10. Suppose i*z - 288 = z. List the prime factors of z.
2, 3
Suppose 81*a - 1527449 = -10*a + 1820350. List the prime factors of a.
3, 12263
Let n(t) = 5*t**2 + 15*t + 11. Let f(y) = -11*y**2 - 31*y - 23. Let b(g) = -6*f(g) - 13*n(g). What are the prime factors of b(26)?
19, 23
Let o = 103 + 208. Let c = -58 + o. What are the prime factors of c?
11, 23
Let g = 35785 - 14507. What are the prime factors of g?
2, 10639
Suppose 5*l - 54581 = 2*r, -14*l = -18*l - r + 43683. What are the prime factors of l?
61, 179
Let g = 2148 + 328. List the prime factors of g.
2, 619
Suppose p = -3*z + 11784, -510*p + 508*p - 7856 = -2*z. List the prime factors of z.
2, 491
Let n(q) = 10*q + 3. Suppose 4*r - 4*y = 44, -y - 3*y + 19 = 5*r. Let x be n(r). Let a = 109 - x. What are the prime factors of a?
2, 3
Let r(m) = 4*m**2 + 7*m + 1. Let z be r(-2). Suppose z*x + 2 = 713. Suppose 371 = 4*n - x. What are the prime factors of n?
2, 19
Let f(d) = 2*d**2 - 13*d + 41. Suppose 7*p = -597 + 72. Let o = p - -87. List the prime factors of f(o).
173
Let d(k) = -k**2 + 10*k + 15. Let q be d(11). Suppose 4*j = -j - 2*a - 42, -q*a + 16 = 0. List the prime factors of ((-636)/j)/(33/110).
2, 53
Suppose 47*s - 187899 = 122630. What are the prime factors of s?
6607
Suppose j - 3*u + 35 = 0, 0 = -3*j - 3*u - 50 - 43. What are the prime factors of (888/j)/(2/(-40))?
3, 5, 37
Suppose 0 = -0*w + 5*w - 10. Suppose 2 = w*z + 4, -5*z + 1 = r. Suppose 0 = -3*i - 5*g + 363, 2*i - r = 2*g + 236. List the prime factors of i.
11
Let b(i) = 18*i - 352. Let o be b(19). What are the prime factors of (-12)/(-20) + (-4574)/o + 6?
2, 29
Suppose 3*a - 2856 + 438 = 3*p, p = 4*a - 3236. Let u = a - 53. What are the prime factors of u?
757
Suppose 11*m = 8*m + 1107. List the prime factors of ((-32)/(-4))/(6/m - 0).
2, 3, 41
Let l(w) be the first derivative of -w**4/4 + 2*w**3 + w**2 - 11*w + 22. Let x be l(6). Suppose -c = -0*c + x, 4*m + 2*c = 90. What are the prime factors of m?
23
Suppose 96*f - 99*f = 9. What are the prime factors of (9 - (-1 - 36))/(-1 - f)?
23
Let y(t) = 109*t**2 - 3*t + 3. Suppose 36 - 42 = -3*n. Suppose -b = 2*z - z + n, 5*z - 5*b - 20 = 0. List the prime factors of y(z).
109
Let k = 4378 - -10116. What are the prime factors of k?
2, 7247
Let b(u) = -20*u + 1. Let t(s) = 0 + s + 0 - 4. Let k be t(2). List the prime factors of b(k).
41
List the prime factors of 61*(12 + (5 - -14)).
31, 61
Let c(t) be the third derivative of -5/6*t**3 - 1/6*t**4 + 0 - 26*t**2 + 0*t. What are the prime factors of c(-3)?
7
Let g = -1422 + 3124. What are the prime factors of g?
2, 23, 37
Let x = 13840 - 7985. What are the prime factors of x?
5, 1171
Suppose 4*f - 192 = 4. Let s = f - 15. Suppose 2*t = -2*p + 34, 3*p - s = p - 5*t. What are the prime factors of p?
17
Let z(a) = 28*a - 6 + 13*a**2 - 4*a**2 - 3*a**2 - 35*a. What are the prime factors of z(-7)?
337
Suppose -3*x = -c - 9535 - 12037, 2*x - 14388 = -c. Suppose 493 - x = -21*s. List the prime factors of s.
11, 29
Let d(i) = 39*i**2 - 68*i + 92. List the prime factors of d(-19).
7, 47
Let g(c) = -12*c - 102. Let y be g(-9). Suppose 3849 - 12585 = -y*s. List the prime factors of s.
2, 7, 13
Suppose -6*z + 767248 = 7*z + 3*z. List the prime factors of z.
79, 607
Let w = -154 + 159. Suppose w*c - 61 = -d, 0*d + 4*d + 5*c = 289. What are the prime factors of d?
2, 19
Let b = -63 - -63. Suppose w - 8 = -3*w. Suppose w*g + b = 14. List the prime factors of g.
7
Suppose -t - 2 = 2*o + 3*o, -6 = -2*t. Let w(y) = -7*y - 7 + 11 - 3 + 9*y + 54*y**2. List the prime factors of w(o).
53
Let p = -122 - -381. Let u = 277 - 409. Let h = p + u. List the prime factors of h.
127
Suppose 2*q = -r - 2*r + 560, -q - 5*r + 280 = 0. Suppose 4*c - 2*c = 340. Suppose 5*z - q = 5*t, 3*z + t = -6 + c. List the prime factors of z.
5, 11
Suppose 0 = -175*r + 178*r - 207. Suppose r*m = 77*m - 11528. What are the prime factors of m?
11, 131
What are the prime factors of 7948/(-16)*(-19 - -13)*(-8)/(-6)?
2, 1987
Let c(m) = -m**2 + 12*m - 1. Let x be c(10). Let f = x - 15. Suppose 5*k = -4*u + 161, f*u + k - 152 = 5*k. What are the prime factors of u?
3, 13
Suppose -17 = 2*q - 4*s - 5, 30 = -3*q + 2*s. Let j = q - -12. List the prime factors of 128/12*3 - (j - -1).
31
Suppose -1 = 6*k - 25. Suppose 3*t - k*i - i = -602, -i + 392 = -2*t. Let l = t - -275. What are the prime factors of l?
3
Suppose 2*u = 2*t - 7374, -3*u - 18428 = -5*t + 11. What are the prime factors of t?
7, 17, 31
Let k be 1942*(-5)/(-10) - (1 - -3). Let f = k - 301. List the prime factors of f.
2, 3, 37
Let y be (-1964)/((-2)/4*-1*-1). Suppose 3*z + y - 1457 = 5*l, -4*l + 1972 = -4*z. What are the prime factors of l?
2, 31
Let t(j) = -j**3 + 3*j**2 - 16*j - 29. Let w be t(7). Let y be 1503/(-12)*(-8)/(-2). Let m = w - y. What are the prime factors of m?
2, 41
Let q(g) = g**3 + 7*g**2 + 2*g - 6. Let i be q(-8). Let t = i - -82. List the prime factors of (12 + -6 - 2)*(-22)/t.
2, 11
Let u(n) = 2*n**2 - 5*n + 26. Let b be u(11). Let w = 55 - b. Let m = -108 - w. List the prime factors of m.
2, 5
Let y = 922 + -415. Suppose 7*s - 4*s = y. Suppose j - 63 = 5*t, 5*j - 169 = 2*t + s. List the prime factors of j.
2, 17
List the prime factors of (-7 - 4926/30)*-110.
2, 11, 107
Suppose 0 = -126*y + 253*y - 126*y - 41067. What are the prime factors of y?
3, 13
Let g(t) = -2*t**2 + 4 + 21*t - 2*t**3 - 14*t + 25*t**3. Let l be g(-3). List the prime factors of (l/(-48))/((-2)/(-6)).
41
Suppose -682*u + 686*u + 4*o = 36376, -2*u - 3*o = -18185. List the prime factors of u.
11, 827
Let d be (-164 + -2)*(-1)/(-2). Let p(v) = -157*v + 748. Let t be p(5). Let q = t - d. List the prime factors of q.
2, 23
What are the prime factors of 37518 + 5 + (-10 - 28/(-4))?
2, 5, 7, 67
Suppose -2*q - 2*q - 128 = -1312. What are the prime factors of q?
2, 37
Suppose -195*g + 1113403 = -1718925 - 2137442. What are the prime factors of g?
2, 12743
Let z(m) = -m**2 - 19*m + 1. Let v be z(-16). Suppose -14 = 7*l - v. Suppose l*d = 5*b - 125, 3*b = -5*d + d + 96. List the prime factors of b.
2, 7
Let r be (10*(-6)/4)/((-5)/(-5)). Let g be (-747)/r + (-2)/(-10). Suppose -u + 53 = -g. What are the prime factors of u?
103
Suppose -13 = -3*k + w, 5*w + 21 = 1. Suppose 3*s - 8*s = -k*a + 2, 2*s - 2*a = -4. Suppose -q + 6*q - 767 = -3*j, 2 = -s*j. What are the prime factors of q?
2, 7, 11
Suppose -4*v = 29 - 25. Suppose o + 37 = 5*d, -3*d + 2*o + 2 = -2*d. List the prime factors of (-318)/d*(8/(-24) + v).
53
Suppose 36*p = 25*p + 41855. What are the prime factors of p?
5, 761
Let g(v) = 19*v**2 - 29*v - 165. What are the prime factors of g(41)?
3, 5, 2039
Let t be -1*17/(17/15). Let u(h) = 3*h**2 + 21*h + 18. List the prime factors of u(t).
2, 3, 7
Let s(w) = 452*w - 5644. List the prime factors of s(90).
2, 19, 461
Suppose 0 = 2*u - 0*u + z - 15, -30 = -u + 4*z. Suppose -3*w - 3*m = -3870, 7*w + 3872 = u*w + m. List the prime factors of w.
1291
Let w = 537 - 19. Let m = w - 750. 